 17544122?
7
What is the thousands digit of 316418087?
8
What is the billions digit of 7557034879?
7
What is the tens digit of 510279528?
2
What is the hundred thousands digit of 8026500?
0
What is the millions digit of 539834141?
9
What is the ten thousands digit of 1406379?
0
What is the hundred thousands digit of 55650697?
6
What is the tens digit of 38689865?
6
What is the millions digit of 291340052?
1
What is the thousands digit of 2107334148?
4
What is the thousands digit of 353733515?
3
What is the hundreds digit of 24648255?
2
What is the ten thousands digit of 7423895741?
9
What is the thousands digit of 20387978?
7
What is the units digit of 403588195?
5
What is the hundred thousands digit of 62204385?
2
What is the units digit of 250359896?
6
What is the thousands digit of 5132092?
2
What is the thousands digit of 67186173?
6
What is the hundred thousands digit of 274844374?
8
What is the tens digit of 173585100?
0
What is the hundreds digit of 99909838?
8
What is the ten thousands digit of 91723414?
2
What is the hundred millions digit of 333215696?
3
What is the hundreds digit of 2727875?
8
What is the ten thousands digit of 12796604?
9
What is the thousands digit of 32867373?
7
What is the hundreds digit of 1067057444?
4
What is the millions digit of 1665965352?
5
What is the units digit of 29233481?
1
What is the tens digit of 5564546157?
5
What is the ten thousands digit of 4780555?
8
What is the ten thousands digit of 94132081?
3
What is the millions digit of 25610243?
5
What is the ten millions digit of 3191790687?
9
What is the units digit of 424139835?
5
What is the hundred millions digit of 162953945?
1
What is the millions digit of 494311576?
4
What is the millions digit of 110030735?
0
What is the hundreds digit of 136590125?
1
What is the millions digit of 1678229902?
8
What is the billions digit of 1616037423?
1
What is the units digit of 609567745?
5
What is the tens digit of 2390116096?
9
What is the thousands digit of 119128195?
8
What is the ten thousands digit of 4928897?
2
What is the thousands digit of 66544413?
4
What is the hundred thousands digit of 23793920?
7
What is the hundreds digit of 19688341?
3
What is the millions digit of 609119921?
9
What is the millions digit of 25610773?
5
What is the ten millions digit of 66824455?
6
What is the ten millions digit of 530136107?
3
What is the units digit of 1188317372?
2
What is the thousands digit of 3198749232?
9
What is the hundred thousands digit of 1298374192?
3
What is the hundred thousands digit of 72421805?
4
What is the hundred thousands digit of 92268364?
2
What is the thousands digit of 1919050346?
0
What is the hundred thousands digit of 131480298?
4
What is the ten millions digit of 1677728441?
7
What is the thousands digit of 2540862257?
2
What is the hundreds digit of 42142174?
1
What is the units digit of 60485807?
7
What is the units digit of 6730833?
3
What is the ten millions digit of 162513892?
6
What is the tens digit of 980685809?
0
What is the tens digit of 37188769?
6
What is the hundred millions digit of 731039753?
7
What is the millions digit of 3819511331?
9
What is the ten millions digit of 196102522?
9
What is the hundred thousands digit of 56545596?
5
What is the units digit of 14553935?
5
What is the hundreds digit of 347623186?
1
What is the units digit of 2784642857?
7
What is the ten thousands digit of 3659664?
5
What is the tens digit of 78157378?
7
What is the hundreds digit of 154340735?
7
What is the ten thousands digit of 1920457419?
5
What is the hundred thousands digit of 98768810?
7
What is the units digit of 1701513812?
2
What is the hundreds digit of 331337710?
7
What is the hundreds digit of 132115154?
1
What is the millions digit of 1099479507?
9
What is the ten thousands digit of 128999563?
9
What is the hundred millions digit of 536223371?
5
What is the billions digit of 1810399907?
1
What is the millions digit of 444049885?
4
What is the ten thousands digit of 190864473?
6
What is the hundred millions digit of 420660343?
4
What is the ten millions digit of 41243360?
4
What is the hundred millions digit of 111599120?
1
What is the units digit of 55599906?
6
What is the millions digit of 620801321?
0
What is the units digit of 197310589?
9
What is the hundred thousands digit of 328193632?
1
What is the millions digit of 465537314?
5
What is the hundred thousands digit of 42855416?
8
What is the units digit of 561354457?
7
What is the hundred thousands digit of 330613051?
6
What is the hundreds digit of 37462457?
4
What is the hundred thousands digit of 2676740024?
7
What is the units digit of 73015043?
3
What is the tens digit of 303373393?
9
What is the ten millions digit of 227726547?
2
What is the tens digit of 40790405?
0
What is the ten millions digit of 46941688?
4
What is the millions digit of 256241041?
6
What is the tens digit of 49655104?
0
What is the hundred thousands digit of 70935914?
9
What is the hundred thousands digit of 397729727?
7
What is the thousands digit of 141939324?
9
What is the millions digit of 3441626775?
1
What is the ten millions digit of 1639382519?
3
What is the ten millions digit of 120457704?
2
What is the hundred thousands digit of 8406910?
4
What is the ten millions digit of 35920690?
3
What is the thousands digit of 622627945?
7
What is the hundred millions digit of 234351376?
2
What is the hundreds digit of 102189599?
5
What is the units digit of 230542865?
5
What is the ten millions digit of 46051273?
4
What is the millions digit of 73998129?
3
What is the ten millions digit of 856485790?
5
What is the ten millions digit of 45773623?
4
What is the billions digit of 2194108630?
2
What is the ten millions digit of 4785098674?
8
What is the ten millions digit of 169327111?
6
What is the tens digit of 222323835?
3
What is the hundred thousands digit of 272959870?
9
What is the hundred thousands digit of 1886974817?
9
What is the hundred thousands digit of 88906012?
9
What is the units digit of 2021640587?
7
What is the tens digit of 1431478283?
8
What is the millions digit of 576129057?
6
What is the hundreds digit of 3720863813?
8
What is the hundreds digit of 916613116?
1
What is the millions digit of 9714273?
9
What is the units digit of 7883416041?
1
What is the ten thousands digit of 1982078349?
7
What is the thousands digit of 99862437?
2
What is the hundred thousands digit of 451948223?
9
What is the ten millions digit of 85248090?
8
What is the hundred thousands digit of 3741821972?
8
What is the ten thousands digit of 84604339?
0
What is the hundreds digit of 1855643?
6
What is the hundreds digit of 81938514?
5
What is the tens digit of 3375960324?
2
What is the hundreds digit of 11334021?
0
What is the tens digit of 5812576115?
1
What is the thousands digit of 760917461?
7
What is the ten millions digit of 269243213?
6
What is the tens digit of 116798559?
5
What is the millions digit of 92855364?
2
What is the billions digit of 5769067164?
5
What is the millions digit of 96788367?
6
What is the hundreds digit of 1136596974?
9
What is the ten millions digit of 81623331?
8
What is the thousands digit of 62124751?
4
What is the tens digit of 40637012?
1
What is the hundreds digit of 36347822?
8
What is the thousands digit of 342550195?
0
What is the ten thousands digit of 20429786?
2
What is the thousands digit of 409547998?
7
What is the thousands digit of 4036535397?
5
What is the ten millions digit of 65650467?
6
What is the ten millions digit of 107394522?
0
What is the ten thousands digit of 3879695586?
9
What is the millions digit of 280323985?
0
What is the units digit of 1642549153?
3
What is the hundred thousands digit of 156635299?
6
What is the tens digit of 42733073?
7
What is the hundreds digit of 715858494?
4
What is the ten thousands digit of 1159050938?
5
What is the ten thousands digit of 4857472718?
7
What is the hundred millions digit of 179520048?
1
What is the tens digit of 569917019?
1
What is the hundred thousands digit of 1025819137?
8
What is the ten millions digit of 87411969?
8
What is the millions digit of 244216601?
4
What is the units digit of 86184097?
7
What is the hundred thousands digit of 33528127?
5
What is the ten thousands digit 